g**2 + 3*g + 3. Give l(-2).
17
Let v(b) = b**3 + 12*b**2 - 26*b + 14. Calculate v(-14).
-14
Let r(a) = -28*a + 3. Calculate r(2).
-53
Let k(y) = -3*y**2 - 2*y + 2. Determine k(-2).
-6
Let c(w) = w**2 - 3*w - 10. Determine c(5).
0
Let q(w) = w**3 + w**2 + 5*w + 5. Calculate q(-2).
-9
Let l(b) = -3*b - 11. What is l(-9)?
16
Let v(o) = -o**3 - 52*o**2 + 5*o + 263. Calculate v(-52).
3
Let t(q) = 5*q - 56. Calculate t(15).
19
Let n(u) = -u**2 + u - 14. Calculate n(0).
-14
Let h(w) = w - 41. Calculate h(12).
-29
Let w(t) = -t**2 - 2*t. What is w(-2)?
0
Let a(g) = -2*g**3 + 4*g**2 - 11*g. Calculate a(2).
-22
Let i(c) = -c**2 - 22*c + 27. Calculate i(-25).
-48
Let d(x) = -15*x + 44. Determine d(5).
-31
Let k(d) = 7*d - 7. Determine k(3).
14
Let h(n) = n**2 - 16*n + 21. Determine h(15).
6
Let l(q) = 7*q + 40. What is l(-6)?
-2
Let r(f) = -9*f + 3. Give r(11).
-96
Let t(d) = -d**3 + 13*d**2 + 26*d + 38. Give t(15).
-22
Let d(q) = -q**3 - 2*q**2 + 2*q - 7. What is d(-3)?
-4
Let c(n) = 2*n**3 - 52*n**2 - n + 14. Give c(26).
-12
Let c(x) = 2*x**3 + 11*x**2 - 2*x - 38. What is c(-6)?
-62
Let f(s) = 2*s**2 - 10*s - 20. What is f(6)?
-8
Let c(x) = -3*x + 1. What is c(6)?
-17
Let q(p) = p - 3. Give q(9).
6
Let k(i) = 2*i**2 + 12*i - 2. Calculate k(-5).
-12
Let u(r) = -r + 1. Determine u(5).
-4
Let t(r) = -12*r + 1. Give t(1).
-11
Let c(y) = y + 12. Determine c(0).
12
Let z(s) = -4*s - 173. What is z(-39)?
-17
Let s(c) = -80*c + 243. What is s(3)?
3
Let a(u) = -u**3 - 3*u**2 - 2*u + 3. Calculate a(1).
-3
Let v(j) = -j + 19. What is v(-6)?
25
Let r(y) = -y**3 - 10*y**2 - 20*y + 11. Determine r(-6).
-13
Let j(x) = -32*x + 213. What is j(7)?
-11
Let h(c) = -c**3 - 4*c**2 + 8*c + 6. Give h(-6).
30
Let b(n) = n**3 + n**2 + n + 79. Determine b(0).
79
Let w(v) = 2*v. Determine w(-3).
-6
Let g(o) = -7*o - 1. Determine g(-5).
34
Let n(m) = 5*m**2 - 2. Calculate n(2).
18
Let j(c) = 2*c**2 - 18*c - 24. What is j(10)?
-4
Let r(z) = -z**3 + 3. Determine r(2).
-5
Let t(b) = b**3 - 3*b**2 + 2*b + 1. Give t(2).
1
Let x(d) = -d**2 + 14*d - 10. Determine x(9).
35
Let g(m) = 3*m**2 - 27*m - 4. What is g(9)?
-4
Let m(t) = -4*t + 120. Give m(31).
-4
Let v(g) = 2*g + 10. Give v(3).
16
Let l(u) = 3*u - 13. Determine l(1).
-10
Let n(w) = -3*w**2 - 2*w + 40. Calculate n(0).
40
Let x(f) = 5*f**2 - f + 2. Give x(-2).
24
Let i(l) = 5*l + 58. Determine i(-19).
-37
Let g(k) = -k**3 + 7*k**2 + 2*k + 80. Calculate g(8).
32
Let p(k) = k**3 - 4*k**2 - 4*k + 5. Determine p(4).
-11
Let u(y) = -y**3 + 3*y**2 - 2*y - 7. What is u(4)?
-31
Let t(f) = 2*f + 5. What is t(7)?
19
Let m(n) = n**3 - 7*n**2 - 2*n - 4. Determine m(3).
-46
Let n(i) = -9*i**2 - 6*i + 7. Give n(0).
7
Let r(z) = 5*z + 56. Give r(-11).
1
Let d(f) = f**2 + 9*f + 31. Determine d(-4).
11
Let x(h) = -h**2 - 5*h + 89. What is x(7)?
5
Let j(o) = -2*o**2 + 5*o. Give j(4).
-12
Let n(a) = -4*a + 2. What is n(-5)?
22
Let s(u) = -4*u + 2. Give s(2).
-6
Let k(i) = 3*i**2 - 6*i - 25. What is k(4)?
-1
Let l(m) = -3*m**2 + 34*m + 54. Calculate l(13).
-11
Let d(x) = x**2 - 15*x + 21. What is d(14)?
7
Let d(j) = 35*j - 2. Calculate d(0).
-2
Let x(i) = -5*i - 5. Give x(4).
-25
Let g(c) = -c**2 - 13*c - 24. Give g(-10).
6
Let q(x) = -2*x**2 + 15*x + 20. Determine q(9).
-7
Let c(t) = 5*t**2 + 85*t + 16. What is c(-17)?
16
Let z(o) = 3*o + 20. Give z(-19).
-37
Let k(q) = 13*q**3 - 2. Give k(1).
11
Let b(u) = -u**3 - 6*u**2 - 9*u + 4. Determine b(-4).
8
Let w(n) = -n**3 - 12*n**2 + 16*n + 3. Give w(-13).
-36
Let r(i) = i**2 + 12*i - 83. Determine r(-17).
2
Let y(x) = x**2 + x + 3. Determine y(-5).
23
Let k(h) = -h**2 + h + 15. Give k(4).
3
Let w(n) = 16*n**2 + 4*n + 4. Give w(-2).
60
Let d(o) = 20*o**2 - o + 2. Give d(1).
21
Let z(n) = -5*n - 45. What is z(-6)?
-15
Let l(r) = r**3 - 6*r**2 - 3*r + 18. Calculate l(6).
0
Let y(b) = -70*b + 909. Calculate y(13).
-1
Let f(w) = 5*w + 3. Calculate f(-5).
-22
Let t(r) = 2*r - 1. Determine t(-1).
-3
Let x(o) = -o**3 - 6*o**2 + 9*o + 9. Calculate x(-7).
-5
Let z(c) = -c**2 + 7. Calculate z(2).
3
Let h(y) = -y**3 + 6*y**2 + 7*y + 10. Determine h(7).
10
Let s(n) = n**2 - 7*n + 6. What is s(7)?
6
Let w(v) = 2*v**2 - 12*v + 2. Determine w(6).
2
Let z(p) = p**3 + 6*p**2 + 13*p + 82. Calculate z(-6).
4
Let q(r) = -r**3 - 18*r**2 + r + 10. Give q(-18).
-8
Let i(v) = -11*v + 45. What is i(7)?
-32
Let w(m) = m - 11. What is w(8)?
-3
Let n(b) = b**3 + 5*b**2 - 26*b - 12. Calculate n(-8).
4
Let a(c) = -8*c + 2. Calculate a(-6).
50
Let w(i) = -5*i + 27. Calculate w(6).
-3
Let a(r) = r - 21. Calculate a(18).
-3
Let j(c) = 3*c + 31. Calculate j(8).
55
Let p(h) = -h**2 + 12*h + 8. Calculate p(13).
-5
Let v(u) = -8*u**2 - 2*u. What is v(-1)?
-6
Let t(o) = o**3 + 9*o**2 - o - 12. What is t(-7)?
93
Let w(j) = j**3 - 10*j**2 + 11*j - 3. Determine w(8).
-43
Let h(d) = -d**3 + 5*d**2 + 27*d + 1. Give h(9).
-80
Let w(j) = j**3 - 20*j**2 + 17*j + 46. Calculate w(19).
8
Let s(v) = -3*v**2 + 7*v + 30. Determine s(5).
-10
Let r(k) = 4*k - 53. What is r(12)?
-5
Let u(s) = 2*s - 1. Calculate u(-5).
-11
Let j(z) = -z**3 + 6*z**2 + 3*z + 2. Determine j(-1).
6
Let r(b) = 2*b**3 - 3*b + 3. Give r(2).
13
Let a(d) = d**3 + d**2 + 2*d - 1. What is a(-1)?
-3
Let o(n) = -n**2 + 6*n - 7. Give o(3).
2
Let b(d) = -d**3 + 36*d - 5. What is b(6)?
-5
Let f(x) = 4*x + 4. What is f(6)?
28
Let k(g) = 2*g + 1. Calculate k(2).
5
Let x(s) = s**2 - 2*s - 47. Give x(-6).
1
Let p(g) = 4*g + 9. Give p(11).
53
Let l(c) = -c**3 - c**2 + 16*c - 2. What is l(0)?
-2
Let s(q) = -37*q + 185. What is s(5)?
0
Let b(f) = f - 11. Determine b(2).
-9
Let u(x) = -3*x. Calculate u(1).
-3
Let j(t) = -5*t - 104. Give j(-24).
16
Let m(g) = g**3 - g**2 - 4*g + 6. Determine m(2).
2
Let q(v) = v**2 - 11*v + 19. Calculate q(5).
-11
Let v(s) = -5*s**3 - 39*s**2 + 7*s. Determine v(-8).
8
Let r(s) = s + 4. Calculate r(10).
14
Let a(r) = r**3 - 10*r**2 - 5*r + 12. What is a(9)?
-114
Let x(o) = -o**3 - 4*o**2 + 5*o + 8. Calculate x(-5).
8
Let x(c) = c**3 - 12*c**2 + 13*c - 18. Determine x(11).
4
Let o(m) = -2*m + 29. Calculate o(21).
-13
Let j(f) = -6*f + 70. Determine j(11).
4
Let r(k) = -11*k + 98. Determine r(9).
-1
Let j(x) = x + 4. Determine j(-2).
2
Let p(m) = 4*m - 10. Give p(-3).
-22
Let p(u) = 7*u + 389. Calculate p(-56).
-3
Let m(a) = 10*a**2 - 2*a - 1. Determine m(-2).
43
Let y(z) = -2*z**2 - 19*z + 54. What is y(-12)?
-6
Let a(f) = -10*f - 92. Calculate a(-10).
8
Let d(r) = -r + 33. Calculate d(7).
26
Let n(j) = 2*j**2 - 9*j - 6. Determine n(4).
-10
Let q(h) = -h**2 + 2*h + 6. What is q(6)?
-18
Let m(x) = x**2 + 4*x + 5. Calculate m(-9).
50
Let b(l) = l + 8. Calculate b(8).
16
Let z(u) = u**3 + 4*u**2 + 2*u - 6. Determine z(-5).
-41
Let j(x) = -2*x**2 + 9*x + 9. Determine j(5).
4
Let j(g) = -g**3 - 23*g**2 + 47*g - 83. Determine j(-25).
-8
Let d(i) = -100*i - 2099. Determine d(-21).
1
Let o(v) = -19*v**2 - v - 1. Calculate o(-2).
-75
Let g(q) = -q**3 - 7*q**2 - 4*q + 10. What is g(-6)?
-2
Let z(u) = -u**3 - 21*u**2 - 2*u - 38. What is z(-21)?
4
Let w(g) = -27*g - 1. What is w(1)?
-28
Let o(j) = j**3 + 8*j**2 + 17*j + 26. Calculate o(-6).
-4
Let n(w) = -102*w - 418. What is n(-4)?
-10
Let u(p) = -p**2 - 8*p - 10. What is u(-5)?
5
Let v(o) = -o**2 - o - 7. What is v(4)?
-27
Let w(v) = -v**2 + 8*v - 1. Give w(6).
11
Let c(q) = -3*q**2 + 4*q - 3. Give c(-3).
-42
Let m(o) = -3*o - 4. Calculate m(11).
-37
Let s(f) = -38*f**3 - f**2 - 2*f - 1. What is s(-1)?
38
Let z(q) = -q**3 + 35*q**2 + 74*q + 23. Calculate z(37).
23
Let i(q) = -11*q - 15. Calculate i(-4).
29
Let q(l) = 8*l - 210. Give q(29).
22
Let o(f) = 32*f + 227. Determine o(-7).
3
Let s(l) = -l + 6. Give s(0).
6
Let a(n) = 2*n**2 + 3*n + 8. What is a(-3)?
17
Let d(z) = -15*z**2 + 3*z - 7. What is d(2)?
-61
Let y(p) = p**2 - 21. What is y(-5)?
4
Let t(u) = 8*u + 90. Give t(0).
90
Let o(p) = -p**2 + 8*p. Determine o(6).
12
Let n(g) = -2*g + 19. Determine n(10).
-1
Let a(p) = -34*p - 366. Give a(-11).
8
Let q(t) = t**3 + 7*t**2 + 8*t + 2. What is q(-6)?
-10
Let d(z) = -z**3 + 4*z**2 + 14*z - 12. Calculate d(6).
0
Let y(d) = d**3 - 23*d**2 - 27*d + 77. Calculate y(24).
5
Let t(b) = b**3 - 8*b**2 + 8*b + 5. What is t(7)?
12
Let l(u) = 5*u + 1. What is l(-3)?
-14
Let c(d) = -d**3 - 3*d**2 + 2*d + 11. What is c(-2)?
3
Let c(z)